{"id":113,"date":"2019-06-23T11:57:10","date_gmt":"2019-06-23T09:57:10","guid":{"rendered":"http:\/\/roedovrekanalen.dk\/?page_id=113"},"modified":"2024-09-17T10:40:27","modified_gmt":"2024-09-17T08:40:27","slug":"roedovrekanalen2-vedtaegter","status":"publish","type":"page","link":"https:\/\/roedovrekanalen.dk\/index.php\/roedovrekanalen2-vedtaegter\/","title":{"rendered":"R\u00f8dovrekanalen2  Bestyrelse og vedt\u00e6gter"},"content":{"rendered":"<ul class=\"hd_n P_0 M_0 p_R\" data-test-id=\"infinite-scroll-rows\">\n<li class=\"p_a T_0 L_0 R_0\" data-test-id=\"infinite-scroll-ROW\">\n<div id=\"pf1\" class=\"dp-page-outer\">\n<div class=\"dp-page-inner\">\n<div id=\"pg-1pf1\" class=\"pf pg-1w0 pg-1h0\">\n<div class=\"pc pg-1pc1 pg-1w0 pg-1h0\">\n<div class=\"t pg-1m0 pg-1x0 pg-1h1 pg-1y0 pg-1ff1 pg-1fs0 pg-1fc0 pg-1sc0 pg-1ls0 pg-1ws0\" style=\"text-align: center;\"><strong>R\u00f8dovrekanalen&#8217;s adresse<\/strong><\/div>\n<div class=\"t pg-1m0 pg-1x0 pg-1h1 pg-1y0 pg-1ff1 pg-1fs0 pg-1fc0 pg-1sc0 pg-1ls0 pg-1ws0\" style=\"text-align: center;\">Foreningshuset<\/div>\n<div class=\"t pg-1m0 pg-1x0 pg-1h1 pg-1y0 pg-1ff1 pg-1fs0 pg-1fc0 pg-1sc0 pg-1ls0 pg-1ws0\" style=\"text-align: center;\">H\u00f8jn\u00e6svej 63B<\/div>\n<div class=\"t pg-1m0 pg-1x0 pg-1h1 pg-1y0 pg-1ff1 pg-1fs0 pg-1fc0 pg-1sc0 pg-1ls0 pg-1ws0\" style=\"text-align: center;\">2610 R\u00f8dovre<\/div>\n<\/div>\n<\/div>\n<div class=\"t pg-1m0 pg-1x0 pg-1h1 pg-1y0 pg-1ff1 pg-1fs0 pg-1fc0 pg-1sc0 pg-1ls0 pg-1ws0\" style=\"text-align: center;\">Email :\u00a0\u00a0helmsmathiasen@gmail.com<\/div>\n<div class=\"t pg-1m0 pg-1x0 pg-1h1 pg-1y0 pg-1ff1 pg-1fs0 pg-1fc0 pg-1sc0 pg-1ls0 pg-1ws0\" style=\"text-align: center;\"><\/div>\n<\/div>\n<\/div>\n<div class=\"t pg-1m0 pg-1x0 pg-1h1 pg-1y0 pg-1ff1 pg-1fs0 pg-1fc0 pg-1sc0 pg-1ls0 pg-1ws0\" style=\"text-align: center;\">\n<div class=\"t pg-1m0 pg-1x2 pg-1h3 pg-1y16 pg-1ff1 pg-1fs0 pg-1fc0 pg-1sc0 pg-1ls0 pg-1ws0\">R\u00f8dovreKanalen har CVR 33025629 og Radio- og Tv-n\u00e6vnet som kompetent tilsynsmyndighed.<\/div>\n<div class=\"t pg-1m0 pg-1x2 pg-1h3 pg-1y16 pg-1ff1 pg-1fs0 pg-1fc0 pg-1sc0 pg-1ls0 pg-1ws0\"><\/div>\n<div class=\"t pg-1m0 pg-1x2 pg-1h3 pg-1y18 pg-1ff1 pg-1fs0 pg-1fc0 pg-1sc0 pg-1ls0 pg-1ws0\">R\u00f8dovreKanalen kan kontaktes via bestyrelsens medlemmer:<\/div>\n<div class=\"t pg-1m0 pg-1x2 pg-1h3 pg-1y19 pg-1ff1 pg-1fs0 pg-1fc0 pg-1sc0 pg-1ls0 pg-1ws0\">Ole Mathiasen, tlf. 2920 2653, e-mail: <span class=\"pg-1fc1\"><span class=\"pg-1fc3 pg-1sc0\">h<\/span><span class=\"pg-1fc3 pg-1sc0\">e<\/span><span class=\"pg-1fc3 pg-1sc0\">l<\/span><span class=\"pg-1fc3 pg-1sc0\">msma<\/span><span class=\"pg-1fc3 pg-1sc0\">t<\/span><span class=\"pg-1fc3 pg-1sc0\">h<\/span><span class=\"pg-1fc3 pg-1sc0\">i<\/span><span class=\"pg-1fc3 pg-1sc0\">a<\/span><span class=\"pg-1fc3 pg-1sc0\">s<\/span><span class=\"pg-1fc3 pg-1sc0\">e<\/span><span class=\"pg-1fc3 pg-1sc0\">n<\/span><span class=\"pg-1fc3 pg-1sc0\">@<\/span><span class=\"pg-1fc3 pg-1sc0\">g<\/span><span class=\"pg-1fc3 pg-1sc0\">ma<\/span><span class=\"pg-1fc3 pg-1sc0\">i<\/span><span class=\"pg-1fc3 pg-1sc0\">l<\/span><span class=\"pg-1fc3 pg-1sc0\">.<\/span><span class=\"pg-1fc3 pg-1sc0\">co<\/span><span class=\"pg-1fc3 pg-1sc0\">m<\/span><\/span><\/div>\n<div class=\"t pg-1m0 pg-1x2 pg-1h3 pg-1y1a pg-1ff1 pg-1fs0 pg-1fc0 pg-1sc0 pg-1ls0 pg-1ws0\">Bo Wischmann, tlf. 2082 2486, e-mail<span class=\"pg-1fc3 pg-1sc0\">:<\/span> <span class=\"pg-1fc1\"><span class=\"pg-1fc3 pg-1sc0\">b<\/span><span class=\"pg-1fc3 pg-1sc0\">o<\/span><span class=\"pg-1fc3 pg-1sc0\">w<\/span><span class=\"pg-1fc3 pg-1sc0\">i<\/span><span class=\"pg-1fc3 pg-1sc0\">sch<\/span><span class=\"pg-1fc3 pg-1sc0\">ma<\/span><span class=\"pg-1fc3 pg-1sc0\">n<\/span><span class=\"pg-1fc3 pg-1sc0\">n<\/span><span class=\"pg-1fc3 pg-1sc0\">@<\/span><span class=\"pg-1fc3 pg-1sc0\">h<\/span><span class=\"pg-1fc3 pg-1sc0\">o<\/span><span class=\"pg-1fc3 pg-1sc0\">t<\/span><span class=\"pg-1fc3 pg-1sc0\">ma<\/span><span class=\"pg-1fc3 pg-1sc0\">i<\/span><span class=\"pg-1fc3 pg-1sc0\">l<\/span><span class=\"pg-1fc3 pg-1sc0\">.<\/span><span class=\"pg-1fc3 pg-1sc0\">co<\/span><span class=\"pg-1fc3 pg-1sc0\">m<\/span><\/span><\/div>\n<div class=\"t pg-1m0 pg-1x2 pg-1h3 pg-1y1b pg-1ff1 pg-1fs0 pg-1fc0 pg-1sc0 pg-1ls0 pg-1ws0\">Morten Christiansen, tlf. 2941 9931, e-mail: mortenrc@yahoo.com<\/div>\n<div class=\"t pg-1m0 pg-1x2 pg-1h3 pg-1y1b pg-1ff1 pg-1fs0 pg-1fc0 pg-1sc0 pg-1ls0 pg-1ws0\"><\/div>\n<div class=\"t pg-1m0 pg-1x2 pg-1h3 pg-1y1c pg-1ff1 pg-1fs0 pg-1fc0 pg-1sc0 pg-1ls0 pg-1ws0\">R\u00f8dovreKanalen er registreret som R\u00f8dovreKanalen2 efter en reorganisering af lokalradioen i 2010<\/div>\n<\/div>\n<div id=\"pf1\" class=\"dp-page-outer\">\n<div class=\"dp-page-inner\">\n<div id=\"pg-1pf1\" class=\"pf pg-1w0 pg-1h0\">\n<div class=\"pc pg-1pc1 pg-1w0 pg-1h0\">\n<div class=\"t pg-1m0 pg-1x0 pg-1h1 pg-1y0 pg-1ff1 pg-1fs0 pg-1fc0 pg-1sc0 pg-1ls0 pg-1ws0\" style=\"text-align: center;\"><\/div>\n<div class=\"t pg-1m0 pg-1x0 pg-1h1 pg-1y0 pg-1ff1 pg-1fs0 pg-1fc0 pg-1sc0 pg-1ls0 pg-1ws0\" style=\"text-align: center;\"><\/div>\n<div class=\"t pg-1m0 pg-1x0 pg-1h1 pg-1y0 pg-1ff1 pg-1fs0 pg-1fc0 pg-1sc0 pg-1ls0 pg-1ws0\" style=\"text-align: center;\"><\/div>\n<div class=\"t pg-1m0 pg-1x0 pg-1h1 pg-1y0 pg-1ff1 pg-1fs0 pg-1fc0 pg-1sc0 pg-1ls0 pg-1ws0\" style=\"text-align: center;\"><\/div>\n<div class=\"t pg-1m0 pg-1x0 pg-1h1 pg-1y0 pg-1ff1 pg-1fs0 pg-1fc0 pg-1sc0 pg-1ls0 pg-1ws0\" style=\"text-align: center;\"><\/div>\n<div class=\"t pg-1m0 pg-1x0 pg-1h1 pg-1y0 pg-1ff1 pg-1fs0 pg-1fc0 pg-1sc0 pg-1ls0 pg-1ws0\" style=\"text-align: center;\"><\/div>\n<div class=\"t pg-1m0 pg-1x0 pg-1h1 pg-1y0 pg-1ff1 pg-1fs0 pg-1fc0 pg-1sc0 pg-1ls0 pg-1ws0\" style=\"text-align: left;\"><\/div>\n<\/div>\n<\/div>\n<\/div>\n<\/div>\n<\/li>\n<li class=\"p_a T_0 L_0 R_0\" data-test-id=\"infinite-scroll-ROW\">\n<div id=\"pf1\" class=\"dp-page-outer\">\n<div class=\"dp-page-inner\">\n<div id=\"pg-1pf1\" class=\"pf pg-1w0 pg-1h0\">\n<div class=\"pc pg-1pc1 pg-1w0 pg-1h0\">\n<div class=\"t pg-1m0 pg-1x0 pg-1h1 pg-1y0 pg-1ff1 pg-1fs0 pg-1fc0 pg-1sc0 pg-1ls0 pg-1ws0\"><\/div>\n<div class=\"t pg-1m0 pg-1x0 pg-1h1 pg-1y0 pg-1ff1 pg-1fs0 pg-1fc0 pg-1sc0 pg-1ls0 pg-1ws0\" style=\"text-align: center;\"><\/div>\n<\/div>\n<\/div>\n<\/div>\n<\/div>\n<\/li>\n<\/ul>\n<p>Vedt\u00e6gter for R\u00f8dovreKanalen2.<br \/>\n\u00a71 \u2013 Foreningens navn er \u201dR\u00f8dovreKanalen2\u201d og foreningen har hjemsted i R\u00f8dovre<br \/>\nKommune.<br \/>\n\u00a72 \u2013 Foreningens form\u00e5l er at sende alsidig og ikkekommerciel lokalradio med<br \/>\nudgangspunkt i dagliglivet i R\u00f8dovre og omliggende kommuner.<br \/>\n\u00a73 \u2013 Foreningens medlemmer er radiov\u00e6rter og \u00f8vrige medarbejde ved lokalradioen.<br \/>\nEnkeltpersoner og foreninger med tilknytning til R\u00f8dovre kan optages som medlemmer og<br \/>\nskal godkendes af bestyrelsen og den efterf\u00f8lgende generalforsamling.<br \/>\n\u00a74 \u2013 Bestyrelsen s\u00f8ger om driftstilskud hos Kulturministeriet samt tilskud fra<br \/>\nR\u00f8dovreKanalens Ny St\u00f8tteforening.<br \/>\nMedlemskontingentet fasts\u00e6ttes p\u00e5 den \u00e5rlige generalforsamling.<br \/>\n\u00a75 \u2013 Den \u00e5rlige generalforsamling holdes inden udgangen af april m\u00e5ned og indkaldes<br \/>\nmed 3 ugers varsel. Indkomne forslag sendes til bestyrelsen senest 1 uge f\u00f8r<br \/>\ngeneralforsamlingen.<br \/>\nP\u00e5 generalforsamlingen afl\u00e6gges beretning om foreningens virke. Der f\u00f8res et<br \/>\nbeslutningsreferat.<br \/>\nBestyrelsen freml\u00e6gger revideret regnskab til godkendelse.<br \/>\nDer v\u00e6lges en bestyrelse p\u00e5 3 medlemmer, hvoraf de to skal bo i R\u00f8dovre kommune,<br \/>\nsamt en revisor. Valgperioden er et \u00e5r.<br \/>\nEkstraordin\u00e6r generalforsamling kan indkaldes af bestyrelsen eller 3 medlemmer med 2<br \/>\nugers varsel.<br \/>\n\u00a76 \u2013 Bestyrelsen leder foreningen i samr\u00e5d med medlemmerne. Der holdes<br \/>\nmedarbejderm\u00f8der om programl\u00e6gning og radioens virke.<br \/>\nBestyrelsen bemyndiges til at oprette bankkonto, netbank og VISA\/Dankort til<br \/>\nformanden\/kasserer. VISA\/Dankort kan alene benyttes af den valgte formand\/kasserer.<br \/>\nBestyrelsen s\u00f8rger for at betale regninger, opkr\u00e6ve kontingent, s\u00f8ge tilskud og f\u00f8re<br \/>\nforeningens regnskab.<br \/>\n\u00a77 \u2013 Foreningen kan opl\u00f8ses p\u00e5 en generalforsamling med 2\/3 af de afgivne stemmer.<br \/>\nVed foreningens opl\u00f8sning skal driftstilskud fra Kulturministeriet betales tilbage og<br \/>\neventuelt overskud anvendes til almennyttige og kulturelle form\u00e5l.<br \/>\nS\u00e5ledes vedtaget p\u00e5 den stiftende generalforsamling den 12. august 2010 og med<br \/>\ntilf\u00f8jelser p\u00e5 generalforsamlingen den 23. marts 2022.<\/p>\n","protected":false},"excerpt":{"rendered":"<p>R\u00f8dovrekanalen&#8217;s adresse Foreningshuset H\u00f8jn\u00e6svej 63B 2610 R\u00f8dovre Email :\u00a0\u00a0helmsmathiasen@gmail.com R\u00f8dovreKanalen har CVR 33025629 og Radio- og Tv-n\u00e6vnet som kompetent tilsynsmyndighed. R\u00f8dovreKanalen kan kontaktes via bestyrelsens medlemmer: Ole Mathiasen, tlf. 2920 2653, e-mail: helmsmathiasen@gmail.com Bo Wischmann, tlf. 2082 2486, e-mail: bowischmann@hotmail.com Morten Christiansen, tlf. 2941 9931, e-mail: mortenrc@yahoo.com R\u00f8dovreKanalen er registreret som R\u00f8dovreKanalen2 efter en reorganisering &hellip; <a href=\"https:\/\/roedovrekanalen.dk\/index.php\/roedovrekanalen2-vedtaegter\/\" class=\"more-link\">L\u00e6s videre <span class=\"screen-reader-text\">R\u00f8dovrekanalen2  Bestyrelse og vedt\u00e6gter<\/span> <span class=\"meta-nav\">&rarr;<\/span><\/a><\/p>\n","protected":false},"author":3,"featured_media":0,"parent":0,"menu_order":5,"comment_status":"closed","ping_status":"closed","template":"","meta":{"_piecal_is_event":false,"_piecal_start_date":"","_piecal_end_date":"","_piecal_is_allday":false,"_mc_calendar":[],"footnotes":""},"class_list":["post-113","page","type-page","status-publish","hentry"],"_links":{"self":[{"href":"https:\/\/roedovrekanalen.dk\/index.php\/wp-json\/wp\/v2\/pages\/113","targetHints":{"allow":["GET"]}}],"collection":[{"href":"https:\/\/roedovrekanalen.dk\/index.php\/wp-json\/wp\/v2\/pages"}],"about":[{"href":"https:\/\/roedovrekanalen.dk\/index.php\/wp-json\/wp\/v2\/types\/page"}],"author":[{"embeddable":true,"href":"https:\/\/roedovrekanalen.dk\/index.php\/wp-json\/wp\/v2\/users\/3"}],"replies":[{"embeddable":true,"href":"https:\/\/roedovrekanalen.dk\/index.php\/wp-json\/wp\/v2\/comments?post=113"}],"version-history":[{"count":9,"href":"https:\/\/roedovrekanalen.dk\/index.php\/wp-json\/wp\/v2\/pages\/113\/revisions"}],"predecessor-version":[{"id":232,"href":"https:\/\/roedovrekanalen.dk\/index.php\/wp-json\/wp\/v2\/pages\/113\/revisions\/232"}],"wp:attachment":[{"href":"https:\/\/roedovrekanalen.dk\/index.php\/wp-json\/wp\/v2\/media?parent=113"}],"curies":[{"name":"wp","href":"https:\/\/api.w.org\/{rel}","templated":true}]}}