{"id":25,"date":"2015-04-26T10:55:55","date_gmt":"2015-04-26T08:55:55","guid":{"rendered":"http:\/\/roedovrekanalen.dk\/?page_id=25"},"modified":"2024-01-09T13:18:51","modified_gmt":"2024-01-09T11:18:51","slug":"25-2","status":"publish","type":"page","link":"https:\/\/roedovrekanalen.dk\/index.php\/25-2\/","title":{"rendered":"S\u00f8ndagsbanko"},"content":{"rendered":"<p style=\"text-align: center;\">Kom til S\u00f8ndagsbanko i Foreningshuset, H\u00f8jn\u00e6svej 63, R\u00f8dovre<br \/>\nVi gl\u00e6der os til at se dig til banko p\u00e5 f\u00f8lgende s\u00f8ndage i<\/p>\n<p style=\"text-align: center;\"><strong>2024<\/strong><\/p>\n<p style=\"text-align: center;\">F\u00f8rste banko i 2024 bliver S\u00f8ndag d. 7 januar<\/p>\n<p style=\"text-align: center;\">D\u00f8rene \u00e5bnes kl. 12.00<\/p>\n<p style=\"text-align: center;\">Spillet starter kl. 13.00<\/p>\n<p style=\"text-align: center;\">14 gennemg\u00e5ende spil + Ekstra spil<\/p>\n<p style=\"text-align: center;\">Plader til popul\u00e6re priser<\/p>\n<p style=\"text-align: center;\">P\u00e6ne Pengepr\u00e6mier<\/p>\n<p style=\"text-align: center;\">Mulighed for at k\u00f8be mad og drikke<\/p>\n<p style=\"text-align: center;\">Kom til R\u00f8dovres hyggeligste bankospil.<\/p>\n<p style=\"text-align: center;\">Her er plads til alle &#8211; s\u00e5 m\u00f8d op<\/p>\n<p style=\"text-align: center;\">og tag gerne dine venner med.<\/p>\n<p style=\"text-align: center;\"><strong>Flere datoer kommer senere<\/strong><\/p>\n<p style=\"text-align: center;\">Med venlig hilsen<br \/>\nBankofolkene<br \/>\nR\u00f8dovreKanalens Ny St\u00f8tteforening<\/p>\n","protected":false},"excerpt":{"rendered":"<p>Kom til S\u00f8ndagsbanko i Foreningshuset, H\u00f8jn\u00e6svej 63, R\u00f8dovre Vi gl\u00e6der os til at se dig til banko p\u00e5 f\u00f8lgende s\u00f8ndage i 2024 F\u00f8rste banko i 2024 bliver S\u00f8ndag d. 7 januar D\u00f8rene \u00e5bnes kl. 12.00 Spillet starter kl. 13.00 14 gennemg\u00e5ende spil + Ekstra spil Plader til popul\u00e6re priser P\u00e6ne Pengepr\u00e6mier Mulighed for at k\u00f8be &hellip; <a href=\"https:\/\/roedovrekanalen.dk\/index.php\/25-2\/\" class=\"more-link\">L\u00e6s videre <span class=\"screen-reader-text\">S\u00f8ndagsbanko<\/span> <span class=\"meta-nav\">&rarr;<\/span><\/a><\/p>\n","protected":false},"author":1,"featured_media":0,"parent":0,"menu_order":3,"comment_status":"open","ping_status":"closed","template":"","meta":{"_piecal_is_event":false,"_piecal_start_date":"","_piecal_end_date":"","_piecal_is_allday":false,"_mc_calendar":[],"footnotes":""},"class_list":["post-25","page","type-page","status-publish","hentry"],"_links":{"self":[{"href":"https:\/\/roedovrekanalen.dk\/index.php\/wp-json\/wp\/v2\/pages\/25","targetHints":{"allow":["GET"]}}],"collection":[{"href":"https:\/\/roedovrekanalen.dk\/index.php\/wp-json\/wp\/v2\/pages"}],"about":[{"href":"https:\/\/roedovrekanalen.dk\/index.php\/wp-json\/wp\/v2\/types\/page"}],"author":[{"embeddable":true,"href":"https:\/\/roedovrekanalen.dk\/index.php\/wp-json\/wp\/v2\/users\/1"}],"replies":[{"embeddable":true,"href":"https:\/\/roedovrekanalen.dk\/index.php\/wp-json\/wp\/v2\/comments?post=25"}],"version-history":[{"count":7,"href":"https:\/\/roedovrekanalen.dk\/index.php\/wp-json\/wp\/v2\/pages\/25\/revisions"}],"predecessor-version":[{"id":223,"href":"https:\/\/roedovrekanalen.dk\/index.php\/wp-json\/wp\/v2\/pages\/25\/revisions\/223"}],"wp:attachment":[{"href":"https:\/\/roedovrekanalen.dk\/index.php\/wp-json\/wp\/v2\/media?parent=25"}],"curies":[{"name":"wp","href":"https:\/\/api.w.org\/{rel}","templated":true}]}}